5, what is -2434 + -2034430?
-2042414
In base 15, what is 12 - -222d866?
222d878
In base 7, what is 16056564 - -13?
16056610
In base 8, what is -6701 + 421766?
413065
In base 15, what is 6 - 8315b33?
-8315b2c
In base 3, what is 2000021 - -10012222?
12020020
In base 13, what is -11cc7a - b?
-11cc88
In base 9, what is -114354 - -3838?
-110415
In base 2, what is 1111101 - 10010001000?
-10000001011
In base 5, what is -12 - 32021241401?
-32021241413
In base 6, what is 2 + -125334455?
-125334453
In base 4, what is 0 - -2001031030003?
2001031030003
In base 5, what is -1310 + -3042214?
-3044024
In base 4, what is 3301230 - -330202?
10232032
In base 3, what is 201002221011111120 - 11?
201002221011111102
In base 12, what is -277 + -8a46?
-9101
In base 2, what is -101 + 1011000111110010001110111?
1011000111110010001110010
In base 2, what is -1001 + 111011010011011100010110?
111011010011011100001101
In base 4, what is 1220321310122 - -11?
1220321310133
In base 10, what is 1103633 + -46?
1103587
In base 16, what is 2 + 40c92ca?
40c92cc
In base 4, what is 10 + 11112203320?
11112203330
In base 7, what is 34225631 + -15?
34225613
In base 10, what is 114 - -7831?
7945
In base 3, what is 12 + -11022201002002?
-11022201001220
In base 16, what is 1c7e + 156?
1dd4
In base 11, what is -23 + 161615?
1615a2
In base 15, what is -173564 + -c?
-173571
In base 10, what is -10282723 + -5?
-10282728
In base 13, what is 3 - 1815302?
-18152cc
In base 5, what is 30220322 - -244?
30221121
In base 4, what is -122 + 1110230?
1110102
In base 5, what is 1130 + 3433212?
3434342
In base 2, what is 1001101001000110 + -111011010010?
1000101101110100
In base 2, what is 10000011101101000011110010 - -101?
10000011101101000011110111
In base 2, what is -101000001011001001010 - 10100?
-101000001011001011110
In base 4, what is -1311 + 1031200321?
1031133010
In base 14, what is -1 - -433b4a?
433b49
In base 2, what is 11110111011101 + 11011001110100?
111010001010001
In base 13, what is -1 + 95a5c0b?
95a5c0a
In base 6, what is -1104 + -53040045?
-53041153
In base 3, what is -111 + -1212121111021?
-1212121111202
In base 9, what is -144077337 - 1?
-144077338
In base 11, what is -3 + -3a04a169?
-3a04a171
In base 11, what is 39a51 - 24?
39a28
In base 13, what is -20 + -1685?
-16a5
In base 8, what is -61 - 11716737?
-11717020
In base 12, what is -792 + 166274?
1656a2
In base 5, what is -20004 - -1403122?
1333113
In base 6, what is 1452305543 - 1?
1452305542
In base 10, what is 0 - 6274384?
-6274384
In base 3, what is -11102210111 + 10112?
-11102122222
In base 16, what is -42f0 - -f43?
-33ad
In base 6, what is 51503 - 113400?
-21453
In base 10, what is 94479 + -2?
94477
In base 8, what is 14 - 3612164?
-3612150
In base 14, what is 633 + -21784?
-21151
In base 16, what is -2 - 14c0e154?
-14c0e156
In base 2, what is -101 - -1010111111001111101101?
1010111111001111101000
In base 13, what is 5cb2 + b5?
6097
In base 3, what is 221221 + -10000021?
-2001100
In base 9, what is 0 - -2762501?
2762501
In base 11, what is 157617 + -10a1?
156526
In base 10, what is 6 + 4861383?
4861389
In base 11, what is 17 + 26963911?
26963928
In base 13, what is 37a - 36b1b?
-36771
In base 11, what is -a2141a9 - 7?
-a214205
In base 11, what is 0 + -1060476?
-1060476
In base 2, what is -11101111 + -1010000111110001?
-1010001011100000
In base 7, what is -3601035525 - -2?
-3601035523
In base 6, what is 15301331505 - -1?
15301331510
In base 6, what is 21501533 - 245?
21501244
In base 16, what is 7 + -26f1eff?
-26f1ef8
In base 2, what is 101 - -11110101110001010001101?
11110101110001010010010
In base 4, what is 20120113 + -1200?
20112313
In base 12, what is 7426 + 45b?
7885
In base 11, what is -15590 + -13916?
-293a6
In base 16, what is -c - 14cd1?
-14cdd
In base 3, what is 201202210222 - -1002?
201202212001
In base 9, what is -5 - 78245177?
-78245183
In base 15, what is -68941 + 19?
-68927
In base 15, what is 6 - 22c44d6?
-22c44d0
In base 15, what is -3c9191 - -3a?
-3c9156
In base 15, what is -11c6 - 125?
-12eb
In base 15, what is -23b46c4 + -1?
-23b46c5
In base 5, what is -332333 + 422242?
34404
In base 9, what is 4 + 871660?
871664
In base 8, what is 64067 + 15?
64104
In base 12, what is -104681a4 + 3?
-104681a1
In base 2, what is -11 + -1100101001110000000100001011?
-1100101001110000000100001110
In base 14, what is 8dbb - 84?
8d37
In base 14, what is 2c7339b - 17?
2c73384
In base 4, what is 12 - -13133002030302?
13133002030320
In base 9, what is -154 + 2324?
2160
In base 9, what is -130 - 5218736?
-5218866
In base 10, what is 28 + -1156778?
-1156750
In base 9, what is 104542538 - -2?
104542541
In base 9, what is 20414 - -212460?
232874
In base 5, what is -103413422230 - -2?
-103413422223
In base 16, what is -276a - 7e6f?
-a5d9
In base 13, what is 1 - -91544a?
91544b
In base 9, what is -5 - -71238305?
71238300
In base 15, what is e7830 - 5?
e782a
In base 2, what is -11110 - -110101001111011101100?
110101001111011001110
In base 15, what is -13 + -8787?
-879a
In base 6, what is 5131103252 + 4?
5131103300
In base 9, what is 108311044 + 5?
108311050
In base 7, what is 301336 - 125061?
143245
In base 9, what is 2882 + 221528?
224521
In base 5, what is -1430 - -4420320?
4413340
In base 6, what is -1503 + -2322?
-4225
In base 3, what is 111 + 1221121110122?
1221121111010
In base 7, what is -515 + 2526306?
2525461
In base 12, what is 1525086 - -15?
152509b
In base 14, what is -70a54 + 101?
-70953
In base 12, what is a + -139860a?
-1398600
In base 5, what is 2101 - 1403044?
-1400443
In base 15, what is -13958 + 43?
-13915
In base 8, what is 2 + 11221724?
11221726
In base 16, what is -3 - -b143aca?
b143ac7
In base 16, what is 2a171 + -1?
2a170
In base 9, what is 6435341 - 4?
6435336
In base 4, what is 1123 - -2331313?
2333102
In base 15, what is -3d607 + 110?
-3d4e7
In base 11, what is -3 + -263a71?
-263a74
In base 12, what is 2121b3 - 132?
212081
In base 5, what is -1 - 4333310202?
-4333310203
In base 9, what is -283 - 112143?
-112436
In base 13, what is 0 - 1311830?
-1311830
In base 16, what is -44fd80 + 5?
-44fd7b
In base 16, what is -4 + 4093db?
4093d7
In base 7, what is 40 - -30555346?
30555416
In base 2, what is -1 + 11011101100000000100100?
11011101100000000100011
In base 2, what is 111111111001 - -111111111111?
1111111111000
In base 9, what is -4 + 325835577?
325835573
In base 9, what is -1150181 + -52?
-1150243
In base 16, what is -6475c - -13?
-64749
In base 12, what is -38a08914 + -2?
-38a08916
In base 10, what is -22896 - 13184?
-36080
In base 8, what is -21 + -173363140?
-173363161
In base 4, what is -1133 + 1223110300?
1223103101
In base 15, what is 68ad5 + -ab?
68a29
In base 2, what is 1110101001111 - 1000011010?
1101100110101
In base 9, what is -24261 + -3?
-24264
In base 11, what is -4a58 + -6134?
-10091
In base 12, what is 185583 - 144?
18543b
In base 14, what is aab - -11b2b5?
11bd82
In base 3, what is 12 - -212221201002011?
212221201002100
In base 3, what is 0 + 1211200202111001?
1211200202111001
In base 8, what is -31 + 4045025?
4044774
In base 2, what is 11000000001 + -111101001111111100?
-111100110111111011
In base 13, what is 87952 + 11c?
87a71
In base 8, what is 104 - -537223?
537327
In base 13, what is b + 357b37?
357b45
In base 14, what is 863d6 + 4b4?
868aa
In base 12, what is -924 + -20042?
-20966
In base 11, what is -1a9244 - -2?
-1a9242
In base 9, what is 3032436 - 2?
3032434
In base 15, what is -11e3 + 18ee7?
17d04
In base 4, what is -12003 + 100221011?
100203002
In base 11, what is a491881 - -1?
a491882
In base 2, what is -1 - 1010000001110111000010?
-1010000001110111000011
In base 13, what is -c502 + 468?
-c067
In base 6, what is 14100100 - -25?
14100125
In base 5, what is 100204431001 - -10?
100204431011
In base 13, what is -4759 - 404?
-4b60
In base 13, what is -17370a - -17?
-1736c3
In base 14, what is 1153 - c84?
2ad
In base 9, what is 25770 + 2732?
28612
In base 12, what is 19119 - -577a?
22897
In base 15, what is -1e1ce7 + d9?
-1e1c0d
In base 10, what is 3542 - -80262?
83804
In base 12, what is -1378 - -53099?
51921
In base 16, what is -4 - -63dbad?
63dba9
In base 14, what is -9d - -610?
551
In base 13, what is 2 - -3675978?
367597a
In base 14, what is 687 - -5d8?
c81
In base 7, what is 33150 -